{"id":2347,"date":"2023-01-04T10:09:33","date_gmt":"2023-01-04T10:09:33","guid":{"rendered":"https:\/\/www.mhsd.lu\/exposition\/exposition-collective-au-dela-des-frontieres-lart-contemporain-chinois\/"},"modified":"2023-01-04T10:24:06","modified_gmt":"2023-01-04T10:24:06","slug":"exposition-collective-au-dela-des-frontieres-lart-contemporain-chinois","status":"publish","type":"expos","link":"https:\/\/www.mhsd.lu\/de\/exposition\/exposition-collective-au-dela-des-frontieres-lart-contemporain-chinois\/","title":{"rendered":"Kollektivausstellung &#8222;Au-del\u00e0 des fronti\u00e8res &#8211; L&#8217;art contemporain chinois&#8220;"},"featured_media":0,"menu_order":0,"template":"","acf":[],"yoast_head":"<!-- This site is optimized with the Yoast SEO plugin v22.6 - https:\/\/yoast.com\/wordpress\/plugins\/seo\/ -->\n<title>Kollektivausstellung &quot;Au-del\u00e0 des fronti\u00e8res - L&#039;art contemporain chinois&quot; - MUS\u00c9E D\u2018HISTOIRE[S] DIEKIRCH<\/title>\n<meta name=\"robots\" content=\"index, follow, max-snippet:-1, max-image-preview:large, max-video-preview:-1\" \/>\n<link rel=\"canonical\" href=\"https:\/\/www.mhsd.lu\/de\/exposition\/exposition-collective-au-dela-des-frontieres-lart-contemporain-chinois\/\" \/>\n<meta property=\"og:locale\" content=\"de_DE\" \/>\n<meta property=\"og:type\" content=\"article\" \/>\n<meta property=\"og:title\" content=\"Kollektivausstellung &quot;Au-del\u00e0 des fronti\u00e8res - L&#039;art contemporain chinois&quot; - MUS\u00c9E D\u2018HISTOIRE[S] DIEKIRCH\" \/>\n<meta property=\"og:url\" content=\"https:\/\/www.mhsd.lu\/de\/exposition\/exposition-collective-au-dela-des-frontieres-lart-contemporain-chinois\/\" \/>\n<meta property=\"og:site_name\" content=\"MUS\u00c9E D\u2018HISTOIRE[S] DIEKIRCH\" \/>\n<meta property=\"article:modified_time\" content=\"2023-01-04T10:24:06+00:00\" \/>\n<meta name=\"twitter:card\" content=\"summary_large_image\" \/>\n<script type=\"application\/ld+json\" class=\"yoast-schema-graph\">{\"@context\":\"https:\/\/schema.org\",\"@graph\":[{\"@type\":\"WebPage\",\"@id\":\"https:\/\/www.mhsd.lu\/de\/exposition\/exposition-collective-au-dela-des-frontieres-lart-contemporain-chinois\/\",\"url\":\"https:\/\/www.mhsd.lu\/de\/exposition\/exposition-collective-au-dela-des-frontieres-lart-contemporain-chinois\/\",\"name\":\"Kollektivausstellung \\\"Au-del\u00e0 des fronti\u00e8res - L'art contemporain chinois\\\" - MUS\u00c9E D\u2018HISTOIRE[S] DIEKIRCH\",\"isPartOf\":{\"@id\":\"https:\/\/www.mhsd.lu\/de\/#website\"},\"datePublished\":\"2023-01-04T10:09:33+00:00\",\"dateModified\":\"2023-01-04T10:24:06+00:00\",\"breadcrumb\":{\"@id\":\"https:\/\/www.mhsd.lu\/de\/exposition\/exposition-collective-au-dela-des-frontieres-lart-contemporain-chinois\/#breadcrumb\"},\"inLanguage\":\"de\",\"potentialAction\":[{\"@type\":\"ReadAction\",\"target\":[\"https:\/\/www.mhsd.lu\/de\/exposition\/exposition-collective-au-dela-des-frontieres-lart-contemporain-chinois\/\"]}]},{\"@type\":\"BreadcrumbList\",\"@id\":\"https:\/\/www.mhsd.lu\/de\/exposition\/exposition-collective-au-dela-des-frontieres-lart-contemporain-chinois\/#breadcrumb\",\"itemListElement\":[{\"@type\":\"ListItem\",\"position\":1,\"name\":\"Kulturhaus\",\"item\":\"\/de\/kulturhaus\/presentation\"},{\"@type\":\"ListItem\",\"position\":2,\"name\":\"Expositions\",\"item\":\"\/de\/expositions\"},{\"@type\":\"ListItem\",\"position\":3,\"name\":\"Kollektivausstellung \u00ab\u00a0Au-del\u00e0 des fronti\u00e8res &#8211; L&rsquo;art contemporain chinois\u00a0\u00bb\"}]},{\"@type\":\"WebSite\",\"@id\":\"https:\/\/www.mhsd.lu\/de\/#website\",\"url\":\"https:\/\/www.mhsd.lu\/de\/\",\"name\":\"MUS\u00c9E D\u2018HISTOIRE[S] DIEKIRCH\",\"description\":\"KULTURHAUS\",\"potentialAction\":[{\"@type\":\"SearchAction\",\"target\":{\"@type\":\"EntryPoint\",\"urlTemplate\":\"https:\/\/www.mhsd.lu\/de\/?s={search_term_string}\"},\"query-input\":\"required name=search_term_string\"}],\"inLanguage\":\"de\"}]}<\/script>\n<!-- \/ Yoast SEO plugin. -->","yoast_head_json":{"title":"Kollektivausstellung \"Au-del\u00e0 des fronti\u00e8res - L'art contemporain chinois\" - MUS\u00c9E D\u2018HISTOIRE[S] DIEKIRCH","robots":{"index":"index","follow":"follow","max-snippet":"max-snippet:-1","max-image-preview":"max-image-preview:large","max-video-preview":"max-video-preview:-1"},"canonical":"https:\/\/www.mhsd.lu\/de\/exposition\/exposition-collective-au-dela-des-frontieres-lart-contemporain-chinois\/","og_locale":"de_DE","og_type":"article","og_title":"Kollektivausstellung \"Au-del\u00e0 des fronti\u00e8res - L'art contemporain chinois\" - MUS\u00c9E D\u2018HISTOIRE[S] DIEKIRCH","og_url":"https:\/\/www.mhsd.lu\/de\/exposition\/exposition-collective-au-dela-des-frontieres-lart-contemporain-chinois\/","og_site_name":"MUS\u00c9E D\u2018HISTOIRE[S] DIEKIRCH","article_modified_time":"2023-01-04T10:24:06+00:00","twitter_card":"summary_large_image","schema":{"@context":"https:\/\/schema.org","@graph":[{"@type":"WebPage","@id":"https:\/\/www.mhsd.lu\/de\/exposition\/exposition-collective-au-dela-des-frontieres-lart-contemporain-chinois\/","url":"https:\/\/www.mhsd.lu\/de\/exposition\/exposition-collective-au-dela-des-frontieres-lart-contemporain-chinois\/","name":"Kollektivausstellung \"Au-del\u00e0 des fronti\u00e8res - L'art contemporain chinois\" - MUS\u00c9E D\u2018HISTOIRE[S] DIEKIRCH","isPartOf":{"@id":"https:\/\/www.mhsd.lu\/de\/#website"},"datePublished":"2023-01-04T10:09:33+00:00","dateModified":"2023-01-04T10:24:06+00:00","breadcrumb":{"@id":"https:\/\/www.mhsd.lu\/de\/exposition\/exposition-collective-au-dela-des-frontieres-lart-contemporain-chinois\/#breadcrumb"},"inLanguage":"de","potentialAction":[{"@type":"ReadAction","target":["https:\/\/www.mhsd.lu\/de\/exposition\/exposition-collective-au-dela-des-frontieres-lart-contemporain-chinois\/"]}]},{"@type":"BreadcrumbList","@id":"https:\/\/www.mhsd.lu\/de\/exposition\/exposition-collective-au-dela-des-frontieres-lart-contemporain-chinois\/#breadcrumb","itemListElement":[{"@type":"ListItem","position":1,"name":"Kulturhaus","item":"\/de\/kulturhaus\/presentation"},{"@type":"ListItem","position":2,"name":"Expositions","item":"\/de\/expositions"},{"@type":"ListItem","position":3,"name":"Kollektivausstellung \u00ab\u00a0Au-del\u00e0 des fronti\u00e8res &#8211; L&rsquo;art contemporain chinois\u00a0\u00bb"}]},{"@type":"WebSite","@id":"https:\/\/www.mhsd.lu\/de\/#website","url":"https:\/\/www.mhsd.lu\/de\/","name":"MUS\u00c9E D\u2018HISTOIRE[S] DIEKIRCH","description":"KULTURHAUS","potentialAction":[{"@type":"SearchAction","target":{"@type":"EntryPoint","urlTemplate":"https:\/\/www.mhsd.lu\/de\/?s={search_term_string}"},"query-input":"required name=search_term_string"}],"inLanguage":"de"}]}},"_links":{"self":[{"href":"https:\/\/www.mhsd.lu\/de\/wp-json\/wp\/v2\/expos\/2347"}],"collection":[{"href":"https:\/\/www.mhsd.lu\/de\/wp-json\/wp\/v2\/expos"}],"about":[{"href":"https:\/\/www.mhsd.lu\/de\/wp-json\/wp\/v2\/types\/expos"}],"wp:attachment":[{"href":"https:\/\/www.mhsd.lu\/de\/wp-json\/wp\/v2\/media?parent=2347"}],"curies":[{"name":"wp","href":"https:\/\/api.w.org\/{rel}","templated":true}]}}

Kollektivausstellung &#8222;Au-delà des frontières &#8211; L&#8217;art contemporain chinois&#8220;

<!-- This site is optimized with the Yoast SEO plugin v22.6 - https://yoast.com/wordpress/plugins/seo/ -->
<title>Kollektivausstellung &quot;Au-delà des frontières - L&#039;art contemporain chinois&quot; - MUSÉE D‘HISTOIRE[S] DIEKIRCH</title>
<meta name="robots" content="index, follow, max-snippet:-1, max-image-preview:large, max-video-preview:-1" />
<link rel="canonical" href="https://www.mhsd.lu/de/exposition/exposition-collective-au-dela-des-frontieres-lart-contemporain-chinois/" />
<meta property="og:locale" content="de_DE" />
<meta property="og:type" content="article" />
<meta property="og:title" content="Kollektivausstellung &quot;Au-delà des frontières - L&#039;art contemporain chinois&quot; - MUSÉE D‘HISTOIRE[S] DIEKIRCH" />
<meta property="og:url" content="https://www.mhsd.lu/de/exposition/exposition-collective-au-dela-des-frontieres-lart-contemporain-chinois/" />
<meta property="og:site_name" content="MUSÉE D‘HISTOIRE[S] DIEKIRCH" />
<meta property="article:modified_time" content="2023-01-04T10:24:06+00:00" />
<meta name="twitter:card" content="summary_large_image" />
<script type="application/ld+json" class="yoast-schema-graph">{"@context":"https://schema.org","@graph":[{"@type":"WebPage","@id":"https://www.mhsd.lu/de/exposition/exposition-collective-au-dela-des-frontieres-lart-contemporain-chinois/","url":"https://www.mhsd.lu/de/exposition/exposition-collective-au-dela-des-frontieres-lart-contemporain-chinois/","name":"Kollektivausstellung \"Au-delà des frontières - L'art contemporain chinois\" - MUSÉE D‘HISTOIRE[S] DIEKIRCH","isPartOf":{"@id":"https://www.mhsd.lu/de/#website"},"datePublished":"2023-01-04T10:09:33+00:00","dateModified":"2023-01-04T10:24:06+00:00","breadcrumb":{"@id":"https://www.mhsd.lu/de/exposition/exposition-collective-au-dela-des-frontieres-lart-contemporain-chinois/#breadcrumb"},"inLanguage":"de","potentialAction":[{"@type":"ReadAction","target":["https://www.mhsd.lu/de/exposition/exposition-collective-au-dela-des-frontieres-lart-contemporain-chinois/"]}]},{"@type":"BreadcrumbList","@id":"https://www.mhsd.lu/de/exposition/exposition-collective-au-dela-des-frontieres-lart-contemporain-chinois/#breadcrumb","itemListElement":[{"@type":"ListItem","position":1,"name":"Kulturhaus","item":"/de/kulturhaus/presentation"},{"@type":"ListItem","position":2,"name":"Expositions","item":"/de/expositions"},{"@type":"ListItem","position":3,"name":"Kollektivausstellung « Au-delà des frontières &#8211; L&rsquo;art contemporain chinois »"}]},{"@type":"WebSite","@id":"https://www.mhsd.lu/de/#website","url":"https://www.mhsd.lu/de/","name":"MUSÉE D‘HISTOIRE[S] DIEKIRCH","description":"KULTURHAUS","potentialAction":[{"@type":"SearchAction","target":{"@type":"EntryPoint","urlTemplate":"https://www.mhsd.lu/de/?s={search_term_string}"},"query-input":"required name=search_term_string"}],"inLanguage":"de"}]}</script>
<!-- / Yoast SEO plugin. -->

Kollektivausstellung "Au-delà des frontières - L'art contemporain chinois" - MUSÉE D‘HISTOIRE[S] DIEKIRCH

MUSÉE D‘HISTOIRE[S] DIEKIRCH

Kollektivausstellung « Au-delà des frontières &#8211; L&rsquo;art contemporain chinois »
